3
Let l = -13 + 20. Let y be 6 + (-12)/(4 - 0). Suppose y*g + 4 = l. What is the units digit of g?
1
Let q(n) = 3*n + 0*n**2 + 12 - 13 + 5*n**2 - n. Let a be q(1). Let w = 8 - a. What is the units digit of w?
2
Let q = 1135 + -57. What is the units digit of q?
8
What is the hundreds digit of ((-31161)/(-17))/((-3)/(-2))?
2
Let o = -140 + 1620. What is the units digit of o?
0
Suppose 2373 = 17*p - 3407. What is the tens digit of p?
4
Suppose -6*w + 55 = -w. Let i = w - -13. What is the tens digit of i?
2
Let h(r) = r**3 + r**2 + 3*r + 959. What is the hundreds digit of h(0)?
9
Let g = 2702 - 1381. What is the tens digit of g?
2
Let i be 133 + 3 - 2*2. Suppose -15*y = -9*y - i. What is the tens digit of y?
2
Let o be 2 - ((-1524)/1 + -4). Suppose 11*i - o = 5*i. What is the hundreds digit of i?
2
Let y = -65 - -75. Suppose y*p + 164 = 14*p. What is the tens digit of p?
4
Let v(c) = -2*c - 21 - 7*c + 3*c + c**2 + 2. What is the units digit of v(12)?
3
What is the hundreds digit of ((-241)/(-2))/((-6)/(-36))?
7
Suppose 4*y + 1 = -3*r - 0*y, -3*y = -4*r - 43. Let u(h) = -h**3 - 5*h**2 + 9*h - 2. What is the tens digit of u(r)?
3
Let p be (-108)/(-14)*(17 - -4). Suppose -p = r - 7*r. What is the tens digit of r?
2
Let x be ((-4)/6)/(-4*(-3)/(-234)). Suppose h - y - 78 = 0, 261 - x = 3*h + 4*y. What is the units digit of h?
0
Let r(s) = 2*s**2 - 7*s - 51. What is the tens digit of r(-7)?
9
Suppose 1281 = 3*m + 4*m. Suppose -234 = -5*l + 2*w, 3*l + 3*w + 51 - m = 0. What is the units digit of l?
6
Let a be (1 - 0)*(2 - 0). Let b = a + 9. What is the units digit of b?
1
Suppose 2*w + 3*q - 2885 = 0, q + 2240 = -4*w + 7995. What is the tens digit of w?
3
What is the hundreds digit of 1 + 1*(7 + 414)?
4
Suppose 3*r = -r - 3*d + 28, -3*r - 3*d + 21 = 0. Let c = r - 16. Let l = 11 - c. What is the units digit of l?
0
Suppose -20 = -3*q + 13. Suppose -q*j + 980 = -j. What is the units digit of j?
8
Let g = 1848 - 1195. What is the tens digit of g?
5
Let r(l) = 9*l**2 + 9*l - 11. Let j = 39 + -44. What is the hundreds digit of r(j)?
1
Suppose -8*g + 11*g = -3*w + 774, -8 = 4*g. What is the tens digit of w?
6
Let o(x) = -2 + 2 - 1 + x - 3*x**2 + 2*x**3 + 2. Let k = 63 + -61. What is the units digit of o(k)?
7
Suppose -4*p + a + 1081 = 0, -282 = -p - 2*a - 5. What is the hundreds digit of p?
2
Suppose -153 + 168 = -3*z. What is the units digit of 64 + (z - -10) + -9?
0
Suppose 9 - 25 = -4*y. Suppose 2*a - 5*r - 8 = 4*a, 8 = -4*r. What is the units digit of y + -6 + a - -5?
4
Suppose 2*i - b + 14 = 0, -2*i - 2 = 5*b + 12. Let r(n) = n**2 - 12*n - 45. What is the units digit of r(i)?
8
Let g = 2 + 0. Suppose -m = 4*m - 45. Suppose -g*p - 4*n + 28 = 0, 3*p + 2*n = m + 37. What is the tens digit of p?
1
Let i(h) = -9*h**2 - 5*h + 3. Let q be i(-4). Let t be -72 + 1*(-2)/2. Let j = t - q. What is the tens digit of j?
4
Suppose 8*d - 4*d = -5*r - 242, -2*d + 104 = -2*r. Let a = -40 - r. What is the units digit of a?
0
Suppose -3*r + 16*s = 11*s - 1625, 0 = 2*s - 4. What is the hundreds digit of r?
5
Suppose a - 3*n - 12 = 0, a + 2*a + 3 = -4*n. Let f(c) = 2*c + 11. Let t be f(-9). Let v = a - t. What is the tens digit of v?
1
Let w(q) = -25 - 6*q**2 + 2*q**2 + q + 5*q**2. What is the units digit of w(8)?
7
Suppose -4*k - 20 = 2*p - 0*p, 5*p + 2*k + 42 = 0. Let g be (2 + -3)/(1/(-12)). Let j = g + p. What is the units digit of j?
4
Let a be (0 + 1 - -24)/((-3)/(-27)). Suppose 3*u + j - 212 = 13, 3*u + 2*j - a = 0. What is the units digit of u?
5
Suppose 260*l = 246*l + 34202. What is the units digit of l?
3
What is the tens digit of (-5)/(-2)*1968/(-45)*-3?
2
Suppose 0 = -7*g + 3*g + 16. Suppose 0 = -g*q, -3*x + 4*q = 6*q - 45. What is the units digit of x?
5
Let t = 47 + -18. Let k = -26 + t. What is the units digit of k?
3
Let f = -179 - -401. Suppose -2*o = -612 + f. What is the units digit of o?
5
Let w(k) = 8*k + 56. What is the tens digit of w(3)?
8
Let r be (1 + -4)/(12/(-100)). Let k = 22 - r. What is the tens digit of k/(-2 - -5) + 45?
4
Let d(z) = z**3 + z**2 - 3*z + 1. Let q be d(2). Suppose -3*f + 26 = 5*k + 8, -2*f = -3*k + q. What is the tens digit of -1*1/(k/(-33))?
1
Let j(q) = -q**2 + 2*q + 2. Let c be j(9). Let v = c - -95. Let b = 43 - v. What is the units digit of b?
9
Let n = -6 + 10. Suppose 45 = -n*s + 393. What is the tens digit of s?
8
Suppose 5*u + 3*j - 44 = 0, u + 0*j = 4*j - 5. Let d = 60 - u. What is the units digit of d?
3
Suppose -5*x + 19 = 3*q - 10, -q = -2*x + 5. Suppose 0 = -h - q*h + 492. What is the tens digit of h?
2
Suppose -j = -1 - 4, -2*l + 3*j + 1715 = 0. What is the units digit of l?
5
What is the tens digit of ((-338)/(-6))/((-55)/30 - -2)?
3
Suppose -5*r + 105 = -5*d, 14 = 2*r + d + 4*d. Suppose 5*g - 4*b - r = 0, -3*g = g - 4*b - 12. What is the units digit of g?
5
Suppose 6*i - 13 - 161 = 0. Let w = 154 - i. What is the tens digit of w?
2
Let k(v) = 14*v**3 - v**2 + 6*v - 3. What is the tens digit of k(2)?
1
Let g(r) = -r**3 - 5*r**2 - 2*r - 2. Let l be g(-5). Suppose -3*u + l = u. Suppose u*z + 5 = 117. What is the tens digit of z?
5
Let z(y) = y**3 - 4*y**2 + 9*y - 11. Let k be z(5). Let x = k - 49. What is the units digit of x?
0
Suppose 2*s - 92 = 164. Let d = -66 + s. What is the units digit of d?
2
Suppose -78*y + 74*y + 1124 = 0. What is the hundreds digit of y?
2
Suppose -f - 8 = -0*f. Let x(o) = o**2 - 2*o - 9 - 7 + 0. What is the units digit of x(f)?
4
Let h = -42 - -42. Suppose -2*s = -f + 89, 5*f = -3*s - h*s + 380. What is the units digit of f?
9
Let l(f) be the third derivative of f**6/120 + f**5/60 - f**4/6 - f**3/6 + 5*f**2. Let n be l(-3). Let s = n - -14. What is the units digit of s?
7
Let t(d) = 9*d**2 + 2*d + 1. Let j = -23 + 20. What is the units digit of t(j)?
6
Let o(b) be the first derivative of 14*b**3/3 - 3*b**2/2 + b + 21. What is the units digit of o(-2)?
3
Let g be 70/15*(0 + 3). Suppose g*p - 3671 = -605. What is the tens digit of p?
1
Let a(c) = -c**2 + 5*c + 2. Let k be a(5). Suppose -l + 5*l - 66 = -k*s, -s + 34 = 3*l. What is the units digit of s?
1
Suppose -c + u = -2 - 0, 4*u = 2*c + 4. Suppose 3*w + 117 = c*w. What is the tens digit of w?
3
Suppose 1240 - 322 = 3*y. What is the tens digit of y?
0
Let q(a) = a**3 - a**2 - a - 3. Suppose -14 = -4*z + 10. Let u be z/4 - (-36)/24. What is the tens digit of q(u)?
1
Let y(p) = -p**2 - 13*p + 3. Let d be y(-7). Suppose -6*c - d = 99. What is the tens digit of -14 - -13 - c/2?
1
Suppose -12*x + 77 = 5. What is the units digit of x?
6
Let y(x) = x**2 + x - 17. Let z be y(-5). Suppose 0 = -z*h + 4*g + 38 + 30, -2*h - 4*g + 72 = 0. What is the units digit of h?
8
What is the tens digit of 2/14 + (-4500)/(-7) + -8?
3
Let d be 6/(-14) - 120/(-35). Suppose 353 = 4*b - 2*q + 107, -d*b = -2*q - 186. What is the units digit of b?
0
Let p be (-2)/6 - 466/6. Suppose 0 = -f + 2, -15*k - 4*f = -12*k + 154. Let v = k - p. What is the tens digit of v?
2
Let z(c) = -86*c - 105. What is the tens digit of z(-12)?
2
Let b(w) = -w**2 - 7*w - 6. Let p be b(-5). Suppose 0 = 4*h - p + 12. What is the units digit of 3/(h - (-44)/20)?
5
Suppose -13 = -5*o + 12, -14 = l - 2*o. What is the tens digit of 2 - (-2 - 10) - l?
1
Suppose a + 6*a - 14 = 0. What is the units digit of (129/12)/(a/16)?
6
Suppose 0 = -32*l + 42*l - 55010. What is the hundreds digit of l?
5
Let s(j) = j**3 + j**2 - j - 1. Let q(g) = -5*g**3 - 20*g**2 + 16*g - 10. Let w(k) = q(k) + 4*s(k). Let n = -123 + 106. What is the units digit of w(n)?
1
Suppose -12 = -4*s, 4*p = p - s + 111. Let z = p + -9. What is the tens digit of z?
2
Suppose 3*z + 12 = 0, 5*h + 0*h - 1354 = z. Let t = h - 47. What is the units digit of t?
3
Let k(s) = 16*s**2 - 1 + 2 - 14*s**2. What is the tens digit of k(4)?
3
Let k = 12 + -9. Let m be k/(2 + 1 - 4). What is the units digit of 0 + -1 + 1 - m?
3
Suppose 3*i + 4*v - 170 = 0, -i - 49 = 5*v - 124. Suppose 5*o = -3*l - 106, 3*o = -l + 6*o - 26. Let b = i + l. What is the tens digit of b?
1
Let s be -50 - ((-40)/2)/5. Let q = s + 163. What is the tens digit of q?
1
Suppose -5*d + 9*d - 8619 = 3*l, -l = 5*d - 10788. What is the units digit of d?
7
Let y be (-28)/(-5) + 3/(-5). Suppose y = 4*p - 155. Suppose 3*q = -3*d + 42, 0*d = 3*q + d - p. What is the units digit of